t is the highest common factor of h and 5?
5
Suppose 70*i = 69*i + 140. What is the highest common divisor of i and 35?
35
Suppose -5*y = -3*x - 210, 61 = -4*y - 3*x + 256. Let b = -5 + y. What is the highest common divisor of 20 and b?
20
Suppose h - 5 = -2*h - 4*q, 0 = 4*h + q - 24. Calculate the greatest common divisor of h and 175.
7
Let l = 323 + -257. Calculate the highest common divisor of l and 1749.
33
Let c be 4/(-12) - 48/(-9). Let r be -2*2/(6/c - 2). What is the greatest common divisor of r and 40?
5
Suppose r = -s, -2*s + s = 1. Suppose 7 - r = 2*d. Let l be (-1 - 0/(-2)) + 34. What is the greatest common factor of d and l?
3
Suppose 2770 = 5*q + 15*g - 20*g, -q = -2*g - 556. What is the greatest common divisor of 72 and q?
24
Let n = 5 + -7. Let u be ((-12)/10)/(27/(-90)). Let x = u + n. What is the highest common divisor of 10 and x?
2
Let m = 213 + -78. Suppose 23*o + 247 = 1489. What is the highest common divisor of m and o?
27
Let c be 1*-33*28/(-12). What is the greatest common divisor of c and 22?
11
Let i = 601 + -513. What is the greatest common factor of 143 and i?
11
Suppose 5*l - 2*l = 9. Let t = 1 + l. Suppose 925 = 9*k - t*k. What is the greatest common factor of k and 37?
37
Let m(g) = -33*g + 3. Let p be m(2). Let k = p + 71. What is the greatest common factor of 88 and k?
8
Let c be (24 - -1)*301/215. Suppose -3*v = -2*v - 140. Calculate the highest common factor of v and c.
35
Let o = 19 + -15. Suppose -11 + 3 = -f. Let k = f + o. What is the highest common factor of k and 8?
4
Let r = 6 - 3. Let j(k) = 8*k. Let h be j(r). Calculate the highest common factor of h and 60.
12
Suppose 0 = -2*b - 0*b - f + 121, -3*b - 5*f + 164 = 0. Suppose -2*h + 5 = -9. Calculate the greatest common factor of h and b.
7
Suppose 5*t = -p - 14, 3*t + 2 + 5 = -2*p. Let i be (-15 - p)*(6 - 11). Calculate the greatest common factor of 32 and i.
16
Let d = 264 - 344. Let f(r) = -7*r**2 + r + 4. Let v be f(-4). Let a = d - v. Calculate the greatest common factor of a and 4.
4
Let a(z) = z**3 + 13*z**2 + 10*z - 14. Let w be a(-11). Calculate the highest common divisor of w and 59.
59
Let l be (-126)/(20/(-8) - -1). What is the highest common divisor of 42 and l?
42
Let g = 80 + -40. Let p(q) = 10*q**2 - 2*q**2 - 17 - q**3 + 9*q**2 - 4*q - 3*q**2. Let z be p(13). What is the greatest common factor of z and g?
20
Let k(g) = -3*g - 6. Let z be k(-4). Suppose -p - z = 2*q, -3*p = p - 3*q - 20. Suppose -p*w + 0*w = -20. What is the highest common factor of w and 20?
10
Let v be (-4)/28 + 7788/28. Let h = 446 - v. Suppose -m = 33 - h. Calculate the highest common divisor of 54 and m.
27
Let o = 2411 + -2395. Let j = 171 + -27. Calculate the greatest common divisor of j and o.
16
Suppose 13*o - 102 = -37. Suppose 3*l - 33 = -3*x, 0 = o*l + 2*x - 29 - 14. Calculate the greatest common divisor of 28 and l.
7
Suppose -34*q + 3150 = -16*q. Calculate the highest common factor of q and 385.
35
Suppose 2*j + 70 = 7*j. Let y(v) = -410*v + 522. Let a be y(1). Calculate the highest common divisor of a and j.
14
Let m be 6 - -3 - 1*0/(-1). Calculate the greatest common divisor of m and 387.
9
Suppose -11 = -q - q - j, -4*q + 3*j + 7 = 0. Suppose -5*h + v + 2 = -44, -q*v = -5*h + 34. Calculate the greatest common divisor of h and 10.
10
Let z be 15 - -1*(4 - 3). Let h = z + -4. Suppose 0 = c + 4*n - 6, -n - n + h = 5*c. Calculate the highest common factor of 14 and c.
2
Let n(b) = -b**3 - 6*b**2 + 3*b - 13. Let u be n(-7). Let p be (-3 - -4)*u - -4. What is the highest common factor of 38 and p?
19
Let u(a) be the first derivative of -a**4/4 - 3*a**3 - 15*a**2/2 - 4*a + 11. Let x be u(-7). Calculate the highest common divisor of 9 and x.
3
Let v(m) = 6*m**2 - m + 1. Let s be v(1). Let w = 3 + s. Let t = 9 + -6. Calculate the highest common divisor of t and w.
3
Let h(x) = 2*x**3 - 11*x**2 + 5*x - 3. Let m be h(6). Suppose 217 = 7*j + m. Calculate the highest common factor of j and 11.
11
Let n be (14/(-42))/(1/(-9)). Let s be (n/2)/(2/4). What is the greatest common factor of 9 and s?
3
Let s = -2 + -6. Let o be 7 + s + 11 + 1. Let c = -6 + o. What is the highest common divisor of c and 20?
5
Suppose -5*y - 693 - 767 = 0. Let a be (-40)/14 + 3 + y/(-14). Calculate the highest common divisor of 21 and a.
21
Let a(j) = 93*j - 38. Let s be a(9). What is the highest common factor of 17 and s?
17
Let g(a) = -94*a + 1227. Let p be g(13). Let u be (-30)/8*32/(-12). What is the greatest common divisor of u and p?
5
Suppose 2*a + 210 = 5*f - a, -4*a = 3*f - 155. What is the greatest common divisor of f and 135?
45
Suppose -3*q + 86 + 301 = 0. Calculate the greatest common divisor of 6 and q.
3
Suppose 8*p + 10*p - 720 = 0. What is the highest common divisor of 260 and p?
20
Let o be ((-12)/(-15))/((-1)/(-290)). Suppose i - 9 = 20. What is the highest common factor of i and o?
29
Let v = 471 - 451. What is the highest common factor of 85 and v?
5
Let z be 0 + (-74)/(-10) - 2/5. Suppose -j + z*j - 1122 = 0. Calculate the highest common factor of j and 17.
17
Suppose -2*b + 3*s + 0 = -2, 0 = s - 2. Suppose -4*q + b*a = -100, 5*a + 35 = 7*q - 5*q. Suppose -13 - 5 = -3*z. What is the greatest common divisor of q and z?
6
Let b(n) = 3*n**2 + 31*n + 9. Let o be b(-10). Let s = 13 - o. Let w(z) = 9*z**2 + z + 1. Let d be w(-2). Calculate the highest common factor of s and d.
7
Suppose i - 4*i - 9 = 0, 0 = 3*n + 3*i - 24. Suppose -2*q - 135 = -g, 5*q + 755 = 5*g + 60. What is the highest common factor of n and g?
11
Let k be 338 - (12/(-3) + 2). Suppose 4*b - k - 140 = 0. Let j be -8*10/4*(-60)/50. Calculate the highest common factor of b and j.
24
Suppose 0 = 3*s + 49 - 517. What is the highest common factor of s and 52?
52
Suppose n + 2*n = 21. Suppose 3*d + n = -5. Let w be (-2 - d - 1) + 6. What is the highest common factor of 7 and w?
7
Let n(s) = -3*s - 14. Let g be n(-9). Let f(a) = -a**3 - a**2 - a + 104. Let b be f(0). What is the highest common divisor of g and b?
13
Let i = -5 - -9. Suppose -l = 2*l + 5*n - 162, i*l + n - 216 = 0. Let h be 8/(-36) + 224/36. What is the greatest common factor of h and l?
6
Suppose -8*k + 90 = -2*k. What is the greatest common factor of k and 885?
15
Let c(x) be the third derivative of -x**5/60 - x**4/8 + 55*x**3/6 + 11*x**2. Let k be c(0). Calculate the greatest common factor of 22 and k.
11
Suppose -10*u - 6*u + 208 = 0. Suppose -400 = -u*m + 744. Suppose -16 = -5*w + 39. Calculate the highest common divisor of w and m.
11
Let f(h) = -h**2 + 5*h + 5. Let l be f(0). Suppose 5*a + l = -5*y, -2*a + 5 = -y + 10. Calculate the highest common divisor of 4 and y.
1
Let i = 149 + -126. Calculate the greatest common factor of 575 and i.
23
Let y be -5*13*(-506)/115. Calculate the highest common divisor of 26 and y.
26
Let f be -2 + -12 + 20 + 35 + -1. Calculate the greatest common divisor of f and 920.
40
Suppose -51 = 4*a - 5*a. Suppose 91 = 5*k + a. Calculate the highest common divisor of 64 and k.
8
Suppose -33*f - 825 = -38*f. Calculate the greatest common divisor of 75 and f.
15
Let k = 144 + -92. What is the highest common factor of 572 and k?
52
Let b be (-1736)/(-42) - (-2)/(-6). Suppose -3*l - 6 = 0, 4*t + l - 1308 = -l. What is the greatest common divisor of b and t?
41
Let z be (-2)/(0 - (-6)/(-9)). Suppose -j - 63 = -5*n, -5*n - j + 35 = -22. What is the greatest common factor of n and z?
3
Let t(h) = h**3 + 5*h**2 + 4*h - 2. Let q be t(-3). Let w be (0 + q + -4)/(-3). Suppose 0 = -w*z + 4*z - 68. What is the greatest common divisor of 85 and z?
17
Let v = 2 - -7. Let l(q) = q + 1. Let a(b) = b**2 - 5*b - 1. Let x(f) = a(f) - 3*l(f). Let n be x(v). What is the greatest common divisor of 15 and n?
5
Suppose 0 = 5*f - 5*k - 85, 32*f - 33*f + 3*k + 25 = 0. What is the greatest common factor of 416 and f?
13
Let l = 256 - 176. Let x = -71 + l. What is the greatest common divisor of x and 9?
9
Suppose 1378 = 171*k - 158*k. Calculate the highest common divisor of k and 477.
53
Let g = 264 + -121. Suppose 5*p + f - 61 = 0, -3*p + 72 = p - 5*f. Calculate the highest common factor of p and g.
13
Let i(m) = 17*m - 96. Let u be i(8). What is the highest common factor of u and 24?
8
Let x be -8*(90/48)/((-3)/4). Suppose 3*b + 0*b - 12